9 is divided by 36.
7
Calculate the remainder when 53310 is divided by 282.
12
Calculate the remainder when 9173 is divided by 79.
9
What is the remainder when 83240 is divided by 84?
80
Calculate the remainder when 1798 is divided by 560.
118
Calculate the remainder when 6177 is divided by 689.
665
Calculate the remainder when 15770 is divided by 46.
38
What is the remainder when 6384375 is divided by 11?
8
Calculate the remainder when 71990 is divided by 3993.
116
What is the remainder when 11013 is divided by 151?
141
What is the remainder when 3953 is divided by 1128?
569
What is the remainder when 2215486 is divided by 352?
350
What is the remainder when 732718 is divided by 359?
358
Calculate the remainder when 757583 is divided by 9.
8
What is the remainder when 7988 is divided by 17?
15
Calculate the remainder when 265354 is divided by 74.
64
What is the remainder when 7291 is divided by 51?
49
What is the remainder when 21504 is divided by 1536?
0
What is the remainder when 3981119 is divided by 319?
318
What is the remainder when 187195 is divided by 569?
563
What is the remainder when 1789 is divided by 158?
51
Calculate the remainder when 8552 is divided by 1265.
962
Calculate the remainder when 8527 is divided by 316.
311
What is the remainder when 5438 is divided by 579?
227
Calculate the remainder when 181593 is divided by 899.
894
Calculate the remainder when 12157 is divided by 304.
301
Calculate the remainder when 371 is divided by 281.
90
What is the remainder when 4871 is divided by 2125?
621
What is the remainder when 183314 is divided by 485?
469
Calculate the remainder when 18343 is divided by 764.
7
What is the remainder when 223172 is divided by 1369?
25
Calculate the remainder when 4652097 is divided by 225.
222
Calculate the remainder when 187368 is divided by 103.
11
What is the remainder when 817254 is divided by 11675?
4
Calculate the remainder when 18559 is divided by 44.
35
What is the remainder when 741400 is divided by 195?
10
What is the remainder when 343198 is divided by 956?
950
Calculate the remainder when 12702 is divided by 1964.
918
Calculate the remainder when 545 is divided by 495.
50
Calculate the remainder when 23637 is divided by 7824.
165
What is the remainder when 4784 is divided by 164?
28
What is the remainder when 30310 is divided by 23?
19
Calculate the remainder when 58703 is divided by 149.
146
What is the remainder when 5397932 is divided by 428?
424
What is the remainder when 72017 is divided by 454?
285
What is the remainder when 159930 is divided by 599?
596
What is the remainder when 13180 is divided by 412?
408
What is the remainder when 1221 is divided by 121?
11
Calculate the remainder when 296048 is divided by 1130.
1118
Calculate the remainder when 296889 is divided by 827.
823
What is the remainder when 22992 is divided by 230?
222
What is the remainder when 2509033 is divided by 16?
9
Calculate the remainder when 2003 is divided by 325.
53
What is the remainder when 753282 is divided by 24?
18
Calculate the remainder when 5791 is divided by 446.
439
Calculate the remainder when 41303 is divided by 519.
302
What is the remainder when 151197 is divided by 2749?
2
Calculate the remainder when 8772 is divided by 1102.
1058
What is the remainder when 6994 is divided by 6939?
55
What is the remainder when 435 is divided by 28?
15
What is the remainder when 19742 is divided by 979?
162
What is the remainder when 1923 is divided by 207?
60
What is the remainder when 10558 is divided by 391?
1
Calculate the remainder when 234836 is divided by 618.
614
Calculate the remainder when 119383 is divided by 121.
77
Calculate the remainder when 2178 is divided by 55.
33
What is the remainder when 238971 is divided by 79640?
51
What is the remainder when 2211 is divided by 20?
11
What is the remainder when 3598 is divided by 399?
7
What is the remainder when 1251167 is divided by 19?
17
Calculate the remainder when 39192 is divided by 417.
411
What is the remainder when 6433 is divided by 29?
24
Calculate the remainder when 41902 is divided by 144.
142
Calculate the remainder when 33615 is divided by 39.
36
What is the remainder when 184417 is divided by 24?
1
Calculate the remainder when 33304 is divided by 61.
59
Calculate the remainder when 42628 is divided by 9.
4
What is the remainder when 1065 is divided by 299?
168
Calculate the remainder when 1125 is divided by 136.
37
Calculate the remainder when 68135 is divided by 204.
203
What is the remainder when 17283 is divided by 64?
3
What is the remainder when 248393 is divided by 1242?
1235
What is the remainder when 1799 is divided by 564?
107
What is the remainder when 18514 is divided by 6170?
4
Calculate the remainder when 1278 is divided by 156.
30
Calculate the remainder when 474298 is divided by 180.
178
What is the remainder when 45138 is divided by 544?
530
Calculate the remainder when 107610 is divided by 2504.
2442
Calculate the remainder when 103355 is divided by 131.
127
What is the remainder when 35170 is divided by 35064?
106
What is the remainder when 412295 is divided by 123?
122
Calculate the remainder when 4667583 is divided by 6.
3
Calculate the remainder when 3163 is divided by 14.
13
Calculate the remainder when 22266 is divided by 39.
36
Calculate the remainder when 156399 is divided by 425.
424
What is the remainder when 234 is divided by 21?
3
Calculate the remainder when 51803 is divided by 25898.
7
What is the remainder when 1690 is divided by 11?
7
What is the remainder when 784 is divided by 86?
10
What is the remainder when 8614 is divided by 408?
46
What is the remainder when 226742 is divided by 78?
74
What is the remainder when 2685 is divided by 414?
201
What is the remainder when 109544 is divided by 65?
19
Calculate the remainder when 40812 is divided by 13602.
6
Calculate the remainder when 1906 is divided by 274.
262
What is the remainder when 5392 is divided by 18?
10
Calculate the remainder when 842 is divided by 144.
122
Calculate the remainder when 379 is divided by 326.
53
Calculate the remainder when 69844 is divided by 17460.
4
Calculate the remainder when 16154 is divided by 36.
26
What is the remainder when 3593 is divided by 326?
7
What is the remainder when 834 is divided by 275?
9
Calculate the remainder when 95 is divided by 14.
11
What is the remainder when 746 is divided by 293?
160
Calculate the remainder when 2820 is divided by 283.
273
Calculate the remainder when 4964 is divided by 51.
17
What is the remainder when 1366 is divided by 1232?
134
Calculate the remainder when 25341 is divided by 25333.
8
What is the remainder when 2635670 is divided by 39?
11
Calculate the remainder when 408 is divided by 26.
18
Calculate the remainder when 16361 is divided by 138.
77
Calculate the remainder when 6395 is divided by 52.
51
What is the remainder when 2237 is divided by 232?
149
Calculate the remainder when 192247 is divided by 7.
6
Calculate the remainder when 93577 is divided by 142.
141
Calculate the remainder when 50734 is divided by 1640.
1534
Calculate the remainder when 396 is divided by 374.
22
Calculate the remainder when 2808 is divided by 67.
61
Calculate the remainder when 52563 is divided by 27.
21
What is the remainder when 6212 is divided by 23?
2
What is the remainder when 2779 is divided by 10?
9
What is the remainder when 2637 is divided by 878?
3
Calculate the remainder when 376126 is divided by 72.
70
What is the remainder when 2209 is divided by 2061?
148
Calculate the remainder when 9239 is divided by 13.
9
Calculate the remainder when 3784 is divided by 1133.
385
Calculate the remainder when 42129 is divided by 980.
969
Calculate the remainder when 3075 is divided by 19.
16
What is the remainder when 217169 is divided by 11?
7
What is the remainder when 14966 is divided by 4970?
56
What is the remainder when 2019 is divided by 589?
252
What is the remainder when 27305 is divided by 18?
17
Calculate the remainder when 1068 is divided by 1066.
2
What is the remainder when 2850 is divided by 361?
323
What is the remainder when 80731 is divided by 1062?
19
What is the remainder when 24227 is divided by 467?
410
What is the remainder when 187 is divided by 59?
10
Calcula